*l - 73. What is w(-5)?
-18
Let g(b) = -b**2 + 23*b - 116. What is g(16)?
-4
Let i(o) = 5*o**2 + 6*o - 3. What is i(-3)?
24
Let d(o) = -4*o - 6. Calculate d(1).
-10
Let h(j) = -j**3 - 40*j**2 - 38*j. Calculate h(-39).
-39
Let j(d) = -10*d - 3. Calculate j(-1).
7
Let u(i) = i**3 - 9*i**2 + 22*i - 30. Give u(6).
-6
Let g(t) = 4*t + 52. Calculate g(-17).
-16
Let i(m) = -4*m**2 + 64*m - 4. Determine i(16).
-4
Let j(m) = m**3 + 16*m**2 + m + 11. Calculate j(-16).
-5
Let a(w) = -w**2 + 4*w - 3. What is a(2)?
1
Let h(d) = 2*d**2 + 13*d + 44. Calculate h(-6).
38
Let q(k) = k - 4. Determine q(2).
-2
Let n(w) = 21*w**3 + w + 2. Give n(-1).
-20
Let t(s) = 13*s - 32. Give t(0).
-32
Let t(l) = l - 47. Give t(18).
-29
Let j(x) = 2*x**3 - 3*x**2 - 13. Determine j(0).
-13
Let w(i) = i**2 - 17*i + 43. Calculate w(15).
13
Let c(b) = -11*b**2 + 2*b + 1. Calculate c(2).
-39
Let i(m) = -m**2 - 17*m - 23. Give i(-16).
-7
Let y(n) = -11*n - 24. Give y(5).
-79
Let w(c) = -c**2 - 13*c + 3. Give w(-10).
33
Let g(k) = -4*k - 7. What is g(7)?
-35
Let r(z) = -20*z. What is r(1)?
-20
Let s(k) = k + 11. What is s(-9)?
2
Let y(b) = b**3 + 6*b**2 - 2*b - 8. Determine y(-6).
4
Let s(d) = -15*d - 150. Give s(-13).
45
Let b(x) = 2*x**2 - 10*x + 12. What is b(8)?
60
Let i(u) = u**2 - 19*u + 34. Determine i(17).
0
Let r(s) = 2*s**3 - 68*s**2 - 68*s - 49. Give r(35).
21
Let a(b) = 35*b + 1. What is a(-1)?
-34
Let i(s) = s**2 - s - 7. Calculate i(-7).
49
Let j(y) = -2*y**3 - 15*y**2 + 6*y - 13. Give j(-8).
3
Let o(h) = 6*h**2 - 58*h + 15. Calculate o(9).
-21
Let h(q) = q**2 + 29*q + 85. Calculate h(-27).
31
Let k(i) = 2*i + 22. What is k(-10)?
2
Let x(n) = -4*n**2 - 116*n + 5. Calculate x(-29).
5
Let y(p) = -p**3 - 7*p**2 - 12*p - 21. Determine y(-6).
15
Let y(u) = -u**2 - 32*u - 190. Calculate y(-24).
2
Let b(f) = -f - 1. Determine b(2).
-3
Let v(d) = 196*d - 1182. Give v(6).
-6
Let k(s) = s**2 - 13*s - 18. Determine k(15).
12
Let i(j) = -j**3 + 12*j**2 - 2*j + 13. Give i(12).
-11
Let i(c) = -15*c - 28. Give i(-2).
2
Let g(w) = w**3 - 9*w**2 - 4*w - 1. What is g(10)?
59
Let d(g) = -18*g + 16. Calculate d(2).
-20
Let z(v) = -8*v - 10. Calculate z(0).
-10
Let b(r) = 6*r + 35. What is b(-7)?
-7
Let s(u) = u**3 - 4*u**2 + u - 2. Give s(3).
-8
Let m(j) = -j**2 + 13*j - 16. What is m(8)?
24
Let u(d) = -9*d + 44. Give u(-4).
80
Let n(j) = j**2 - 5*j - 4. What is n(7)?
10
Let f(p) = -p**3 - 3*p**2 + 8*p - 4. Determine f(-5).
6
Let s(w) = 23*w**2 - 114*w - 7. What is s(5)?
-2
Let l(i) = i**2 + i + 4. Give l(0).
4
Let c(h) = -h**3 - h + 95. Calculate c(0).
95
Let w(l) = 3*l + 10. Calculate w(-9).
-17
Let x(f) = 3*f**3 + 34*f**2 + 13*f + 27. Calculate x(-11).
5
Let r(i) = 6*i + 18. What is r(-9)?
-36
Let n(d) = -2*d**3 - 5*d**2 + 3*d - 2. Calculate n(-4).
34
Let l(r) = -r**3 + 6*r**2 + r - 3. Calculate l(5).
27
Let f(b) = -3*b + 55. Give f(21).
-8
Let c(m) = -m**2 + 8*m + 17. Determine c(8).
17
Let o(f) = -f**3 + 45*f**2 - 4. What is o(45)?
-4
Let g(w) = w**3 + 8*w**2 + 8*w + 2. Calculate g(-6).
26
Let r(c) = -c**3 - 5*c**2 + c + 11. Give r(-6).
41
Let d(t) = t**3 - 10*t**2 + 22*t + 3. Calculate d(3).
6
Let w(t) = 14*t**3 - t**2 + 3*t - 1. Determine w(1).
15
Let y(r) = -r**3 - 6*r**2 - 4*r - 2. Calculate y(-5).
-7
Let m(i) = -5*i + 114. Determine m(22).
4
Let a(n) = -n**2 - 7*n + 15. Determine a(-7).
15
Let b(c) = c**3 + 23*c**2 - 39*c - 361. Give b(-24).
-1
Let v(y) = -8*y - 19. Determine v(-6).
29
Let c(x) = -2*x**3 + 61*x**2 + 29*x + 67. Determine c(31).
5
Let c(z) = -z**2 - 11*z. Determine c(-11).
0
Let b(a) = -2*a**2 + a. Determine b(-1).
-3
Let r(b) = -b**2 + 2*b + 64. Determine r(12).
-56
Let r(v) = -v**2 + 3*v. Determine r(5).
-10
Let a(o) = -o**2 - 4*o + 38. Give a(5).
-7
Let z(u) = u**3 + 11*u**2 + 10*u - 8. Calculate z(-10).
-8
Let c(o) = -10*o + 25. Determine c(2).
5
Let i(p) = p**2 - 5*p - 7. What is i(5)?
-7
Let q(x) = x**3 + 9*x**2 + 5*x + 20. Determine q(-10).
-130
Let o(w) = -w**2 - 6*w - 5. Calculate o(-3).
4
Let w(i) = i. Calculate w(6).
6
Let v(w) = 9*w + 11. Give v(7).
74
Let s(r) = r**3 + 25*r**2 - 25*r + 55. Determine s(-26).
29
Let j(q) = 12*q**3 - q**2 + 2*q - 2. Give j(2).
94
Let i(x) = -80*x - 6. Determine i(3).
-246
Let i(v) = -3*v + 52. Give i(15).
7
Let v(y) = -5*y**3 - 4*y**2 + 6. Determine v(-3).
105
Let f(c) = 6*c**2 + 30*c - 2. Give f(-5).
-2
Let k(v) = v**2 + v + 4. Determine k(-3).
10
Let g(z) = -z**2 - 18*z - 20. What is g(-17)?
-3
Let q(d) = 19*d + 36. Calculate q(-2).
-2
Let p(a) = 18*a + 133. Determine p(-8).
-11
Let j(c) = c**2 + 32*c - 84. What is j(-36)?
60
Let t(b) = -6*b**2 - 3*b + 1. What is t(2)?
-29
Let h(b) = b**3 + 27*b**2 + 27*b + 28. Give h(-26).
2
Let w(c) = 54*c**3 - c**2 - c. Give w(-1).
-54
Let m(w) = w**3 - 13*w - 9. Determine m(4).
3
Let h(q) = -q**3 - 11*q**2 + 11*q - 7. Give h(-12).
5
Let b(l) = -5*l**2 - 8*l + 1. Determine b(-4).
-47
Let w(q) = -3*q + 19. What is w(8)?
-5
Let k(v) = -7*v + 3. Give k(3).
-18
Let j(y) = -5*y**2 - 6*y + 6. Determine j(-4).
-50
Let b(t) = 4*t + 6. Determine b(2).
14
Let r(c) = -c**3 + 21*c**2 - 2*c + 46. What is r(21)?
4
Let g(i) = -12*i + 10. Calculate g(3).
-26
Let i(r) = -3*r**2 + 4*r + 1. Calculate i(-4).
-63
Let q(m) = -2*m**3 + 6*m**2 - 13. Give q(4).
-45
Let w(q) = q**2 + 17*q + 1. Give w(-12).
-59
Let k(g) = -8*g**2 + 58*g - 6. Calculate k(7).
8
Let k(d) = -2*d**3 + 31*d**2 + 15*d + 12. Determine k(16).
-4
Let m(x) = -5*x + 13. Determine m(-13).
78
Let y(l) = -l**3 - 8*l**2 + 10*l - 5. What is y(-9)?
-14
Let x(u) = u**3 - 7*u**2 + 2*u - 5. Give x(6).
-29
Let n(i) = -i + 13. What is n(10)?
3
Let b(x) = x**3 + 25*x**2 + 50*x + 89. Give b(-23).
-3
Let p(a) = -a + 6. Determine p(10).
-4
Let m(p) = 11*p**2 + p - 2. What is m(1)?
10
Let x(h) = h**3 + 17*h**2 + 16*h - 1. Give x(-16).
-1
Let m(r) = -r**2 + 12*r. Give m(7).
35
Let p(k) = k**2 + 3*k - 1. Determine p(-4).
3
Let w(d) = -d - 56. Calculate w(-50).
-6
Let s(i) = -i**3 + 6*i**2 + 33*i - 32. Give s(9).
22
Let q(y) = -37*y + 432. What is q(12)?
-12
Let k(a) = a**2 - 2*a. Give k(8).
48
Let x(m) = 2*m**2 + 23*m + 26. Calculate x(-11).
15
Let c(k) = k**3 - 9*k**2 + 10*k + 7. Determine c(8).
23
Let i(q) = -q**3 + q**2 + 6*q + 3. Give i(-2).
3
Let r(p) = p**3 + 17*p**2 + 29*p - 16. Give r(-15).
-1
Let j(s) = s**2 - 18*s - 146. Give j(-6).
-2
Let o(y) = y**2 + 19*y + 41. What is o(-16)?
-7
Let m(g) = g**2 + g - 2. Calculate m(-2).
0
Let m(x) = x**3 + 9*x**2 + x - 4. Determine m(-9).
-13
Let y(l) = 2*l**3 - 5*l**2 - l - 5. What is y(5)?
115
Let s(h) = -2*h + 21. What is s(9)?
3
Let n(h) = h**3 - 5*h**2 - h - 11. Give n(6).
19
Let t(g) = 20*g + 503. What is t(-25)?
3
Let y(m) = 2*m**2 - 4*m + 11. What is y(5)?
41
Let b(f) = f - 4. Determine b(-11).
-15
Let d(b) = 42*b**3. What is d(-1)?
-42
Let o(z) = z**3 - 8*z**2 - 12*z + 8. Give o(9).
-19
Let h(v) = 4*v**2 + v + 4. Give h(-3).
37
Let x(u) = -2*u - 83. What is x(16)?
-115
Let z(y) = 2*y + 18. Calculate z(-10).
-2
Let v(f) = -f**3 + 11*f**2 + 55*f + 1. Determine v(-4).
21
Let j(c) = 3*c - 3. Give j(-3).
-12
Let u(z) = 2*z**3 - z**2 - 2*z - 4. Calculate u(2).
4
Let s(q) = -q**2 - 19*q + 39. Give s(-23).
-53
Let q(f) = 8*f**2 - 8*f - 9. Determine q(-1).
7
Let k(b) = 3*b. What is k(-2)?
-6
Let b(c) = -3*c + 1. Determine b(1).
-2
Let y(u) = 15*u + 78. Determine y(-5).
3
Let s(y) = -12*y - 27. Calculate s(-4).
21
Let n(y) = -6*y + 22. Calculate n(5).
-8
Let f(o) = 3*o + 21. Calculate f(-5).
6
Let b(w) = -w**2 - 13*w. What is b(-13)?
0
Let n(y) = 2*y**2 + 2*y + 1. What is n(2)?
13
Let h(w) = w**3 - 26*w**2 - 61*w - 34. Give h(28).
-174
Let p(h) = h**3 - 14*h**2 - 9*h + 124. Determine p(14).
-2
Let m(s) = s**2 + 12*s + 12. Give m(-10).
-8
Let g(s) = -3*s + 30. Calculate g(10).
0
Let v(z) = -z**2 + 5*z - 11. Determine v(9).
-47
Let k(r) = 6*r - 17. Determine k(5).
13
Let l(m) = m + 17. Give l(-16).
1
Let o(i) = i**3 - 7*i**2 + 5*i + 1. Give o(6).
-5
Let l(b) = 2*b + 13. Determine l(13).
39
Let r(g) = -g**3 + 8*g**2 + 3*g - 7. Determine r(8).
17
Let p(w) = 26*w + 204. What is p(-8)?
-4
Let m(u) = -4*u + 19. Determine m(7).
-9
Let g(t) = -2*t - 37. What is g(-17)?
-3
Let n(u) = -u - 10. What is n(-7)?
-3
Let a(k) = -3*k + 1. Determine a(-5).
16
Let j(u) = -6*u - 3. Calculate j(-12).
69
Let a(g) = g**2 - 5*g 